{"id":6195,"date":"2023-06-09T09:31:35","date_gmt":"2023-06-09T09:31:35","guid":{"rendered":"https:\/\/akademie.dw.de\/tunisiamedia\/?page_id=6195"},"modified":"2024-04-10T10:05:25","modified_gmt":"2024-04-10T10:05:25","slug":"faq-mp","status":"publish","type":"page","link":"https:\/\/akademie.dw.de\/tunisiamedia\/faq-mp\/","title":{"rendered":"FAQ &#8211; MEDIA PARCOURS"},"content":{"rendered":"\n<figure class=\"wp-block-image size-full\"><img loading=\"lazy\" decoding=\"async\" width=\"1024\" height=\"576\" src=\"https:\/\/akademie.dw.de\/tunisiamedia\/wp-content\/uploads\/2024\/02\/DWA-MP-Video_Abspanntafel_1024x576-FR-EU_Logo.png\" alt=\"\" class=\"wp-image-7317\" srcset=\"https:\/\/akademie.dw.de\/tunisiamedia\/wp-content\/uploads\/2024\/02\/DWA-MP-Video_Abspanntafel_1024x576-FR-EU_Logo.png 1024w, https:\/\/akademie.dw.de\/tunisiamedia\/wp-content\/uploads\/2024\/02\/DWA-MP-Video_Abspanntafel_1024x576-FR-EU_Logo-350x197.png 350w, https:\/\/akademie.dw.de\/tunisiamedia\/wp-content\/uploads\/2024\/02\/DWA-MP-Video_Abspanntafel_1024x576-FR-EU_Logo-768x432.png 768w, https:\/\/akademie.dw.de\/tunisiamedia\/wp-content\/uploads\/2024\/02\/DWA-MP-Video_Abspanntafel_1024x576-FR-EU_Logo-24x14.png 24w, https:\/\/akademie.dw.de\/tunisiamedia\/wp-content\/uploads\/2024\/02\/DWA-MP-Video_Abspanntafel_1024x576-FR-EU_Logo-36x20.png 36w, https:\/\/akademie.dw.de\/tunisiamedia\/wp-content\/uploads\/2024\/02\/DWA-MP-Video_Abspanntafel_1024x576-FR-EU_Logo-48x27.png 48w\" sizes=\"auto, (max-width: 767px) 89vw, (max-width: 1000px) 54vw, (max-width: 1071px) 543px, 580px\" \/><\/figure>\n\n\n\n<h1 class=\"wp-block-heading\">FAQ<\/h1>\n\n\n\n<h2 class=\"wp-block-heading has-medium-font-size\">Quelle est la dur\u00e9e du programme ?<\/h2>\n\n\n\n<p><\/p>\n\n\n\n<p>MEDIA PARCOURS consiste en un appel \u00e0 participation et un programme d\u2019acc\u00e9l\u00e9ration s\u2019\u00e9talant de 6\u00a0\u00e0 9 mois selon les organisations engag\u00e9es. L\u2019appel se tient du 15 mars au 30 avril 2024. Le programme se d\u00e9roule du mois de mai 2024 jusqu\u2019\u00e0 d\u00e9cembre 2024 (au plus t\u00f4t).<\/p>\n\n\n\n<p><\/p>\n\n\n\n<h2 class=\"wp-block-heading has-medium-font-size\">Comment se d\u00e9roule le programme ?<\/h2>\n\n\n\n<p><\/p>\n\n\n\n<p>MEDIA PARCOURS se d\u00e9roule en 3 \u00e9tapes principales.<\/p>\n\n\n\n<p><strong>\u00c9tape 1 : Candidature<br><\/strong>Du 15 mars au 30 avril 2024.<\/p>\n\n\n\n<p>Soumission de la candidature au plus tard le 30 avril 2024. Les \u00e9tapes pour candidater sont les suivantes\u00a0:<\/p>\n\n\n\n<ul class=\"wp-block-list\">\n<li>Se rendre sur <a href=\"https:\/\/mediaparcours.com\" target=\"_blank\" rel=\"noreferrer noopener\">Mediaparcours.com<\/a><\/li>\n\n\n\n<li>Remplir le formulaire de candidature SMART MEDIA ACCELERATOR 2024 (deadline : le 30 avril 2024 !)<\/li>\n\n\n\n<li>R\u00e9server un cr\u00e9neau pour un entretien<\/li>\n\n\n\n<li>Remplir un deuxi\u00e8me formulaire si la candidature est retenue apr\u00e8s l\u2019entretien<\/li>\n<\/ul>\n\n\n\n<p>L\u2019annonce des organisations retenues sera communiqu\u00e9e par e-mail en mai 2024.<\/p>\n\n\n\n<p><strong>\u00c9tape 2 : \u00c9valuation des besoins et \u00e9laboration de la feuille de route<\/strong><br>Deuxi\u00e8me moiti\u00e9 de mai 2024.<\/p>\n\n\n\n<p>Une fois officiellement s\u00e9lectionn\u00e9e, chaque organisation est soumise \u00e0 une phase d\u2019\u00e9valuation des besoins. Cette \u00e9tape cruciale nous permet de hi\u00e9rarchiser les objectifs \u00e0 atteindre et les actions \u00e0 mettre en \u0153uvre au cours du programme.<\/p>\n\n\n\n<p>Une feuille de route (<em>roadmap<\/em>) est ensuite \u00e9tablie conjointement.<\/p>\n\n\n\n<p><strong>\u00c9tape 3&nbsp;: D\u00e9roulement du programme<\/strong><br>De juin \u00e0 d\u00e9cembre 2024.<\/p>\n\n\n\n<p>Les activit\u00e9s pr\u00e9vues dans le \u00ab&nbsp;roadmap&nbsp;\u00bb sont mises en place suivant un calendrier d\u00e9coup\u00e9 en 3 phases : juin\/juillet, septembre\/octobre, novembre\/d\u00e9cembre.<\/p>\n\n\n\n<p><\/p>\n\n\n\n<h2 class=\"wp-block-heading\">Qui est admissible ?<\/h2>\n\n\n\n<p><\/p>\n\n\n\n<p>L\u2019appel \u00e0 participation est ouvert \u00e0 toutes les structures m\u00e9diatiques tunisiennes non publiques : m\u00e9dias communautaires, priv\u00e9s, associatifs&nbsp;; radios, t\u00e9l\u00e9s, journaux, m\u00e9dias en ligne sont invit\u00e9s \u00e0 r\u00e9pondre \u00e0 l\u2019appel.<\/p>\n\n\n\n<p>L\u2019organisation candidate doit \u00eatre \u00e9tablie en Tunisie et d\u00e9velopper une activit\u00e9 de m\u00e9dia, en partie ou en totalit\u00e9, en Tunisie.<\/p>\n\n\n\n<p>Les administrateurs de la DW, les membres du jury et les personnes avec lesquelles ils vivent, les mentors\/expert.e.s engag\u00e9.e.s dans le projet et les personnes avec lesquelles ils vivent ne sont pas admissibles \u00e0 participer.<\/p>\n\n\n\n<p><\/p>\n\n\n\n<h2 class=\"wp-block-heading has-medium-font-size\">Comment participer ?<\/h2>\n\n\n\n<p><\/p>\n\n\n\n<p>L\u2019appel \u00e0 participation est ouvert du 15 mars au 30 avril 2024. Pour participer, les structures \u00e9ligibles doivent :<\/p>\n\n\n\n<ul class=\"wp-block-list\">\n<li>Se rendre sur <a href=\"https:\/\/mediaparcours.com\" target=\"_blank\" rel=\"noreferrer noopener\">Mediaparcours.com<\/a><\/li>\n\n\n\n<li>Remplir le formulaire de candidature SMART MEDIA ACCELERATOR 2024 (deadline : le 30 avril 2024 !)<\/li>\n\n\n\n<li>R\u00e9server un cr\u00e9neau pour un entretien<\/li>\n\n\n\n<li>Remplir un deuxi\u00e8me formulaire si la candidature est retenue apr\u00e8s l\u2019entretien<\/li>\n<\/ul>\n\n\n\n<p>L\u2019annonce des organisations retenues sera communiqu\u00e9e par e-mail en mai 2024.<\/p>\n\n\n\n<p><\/p>\n\n\n\n<h2 class=\"wp-block-heading has-medium-font-size\">Qu\u2019y a-t-il \u00e0 \u00ab gagner \u00bb ?<\/h2>\n\n\n\n<p><\/p>\n\n\n\n<p>MEDIA PARCOURS offre un acc\u00e8s \u00e0 toute une palette de ressources :<\/p>\n\n\n\n<ul class=\"wp-block-list\">\n<li>formations journalistiques et entrepreneuriale accessibles en ligne<\/li>\n\n\n\n<li>interventions de consultant.e.s et d\u2019expert.e.s internationaux<\/li>\n\n\n\n<li>activit\u00e9(s) de renforcement de capacit\u00e9s ou d\u2019aide \u00e0 la production<\/li>\n\n\n\n<li>networking et opportunit\u00e9s<\/li>\n\n\n\n<li>financement : <strong>le programme d\u2019accompagnement MEDIA PARCOURS ne pr\u00e9voit pas de financement durant le programme<\/strong>. Toutefois, MEDIA PARCOURS est une composante du projet europ\u00e9en \u00ab Tunisie 360\u00b0 \u2013 On en Parle ! \u00bb qui vise \u00e0 soutenir les m\u00e9dias dans la production d\u2019infos de qualit\u00e9 sur des sujets socio-\u00e9conomiques par le biais de soutiens financiers. Chaque organisation engag\u00e9e dans MEDIA PARCOURS sera pr\u00e9par\u00e9e pour candidater et augmenter ses chances de recevoir un soutien financier compris entre 5 000 et 60 000 \u20ac.<\/li>\n<\/ul>\n\n\n\n<p><\/p>\n\n\n\n<h2 class=\"wp-block-heading has-medium-font-size\">Comment se fait la s\u00e9lection ? Quels sont les crit\u00e8res ?<\/h2>\n\n\n\n<p><\/p>\n\n\n\n<p>Apr\u00e8s envoi de la candidature jusqu\u2019\u00e0 la date butoire du 30 avril 2024, puis entretien, la DW se donne le droit de d\u00e9cider si l\u2019organisation candidate peut poursuivre sa candidature \u00e0 travers un formulaire plus d\u00e9taill\u00e9.<\/p>\n\n\n\n<p>Un jury proc\u00e9dera \u00e0 la s\u00e9lection finale des b\u00e9n\u00e9ficiaires en r\u00e9alisant l\u2019\u00e9valuation des crit\u00e8res suivants :<\/p>\n\n\n\n<ul class=\"wp-block-list\">\n<li>Qualit\u00e9 des contenus produits et diffus\u00e9s<\/li>\n\n\n\n<li>Viabilit\u00e9 \u00e9conomique du m\u00e9dia<\/li>\n\n\n\n<li>Strat\u00e9gie d\u2019audience, gestion des canaux de communication et \u00e9changes avec la communaut\u00e9<\/li>\n\n\n\n<li>Maturit\u00e9 num\u00e9rique<\/li>\n\n\n\n<li>Engagement et coachabilit\u00e9 de l\u2019\u00e9quipe<\/li>\n\n\n\n<li>R\u00e9alit\u00e9 des challenges et besoins exprim\u00e9s par l\u2019organisation<\/li>\n\n\n\n<li>Potentiel d\u2019implication et de progression de l\u2019organisation<\/li>\n<\/ul>\n\n\n\n<p><\/p>\n\n\n\n<h2 class=\"wp-block-heading has-medium-font-size\">Quels sont les documents \u00e0 soumettre ?<\/h2>\n\n\n\n<p><\/p>\n\n\n\n<p>Les documents particuliers \u00e0 soumettre sont d\u00e9taill\u00e9s dans le(s) formulaire(s) de candidature.<\/p>\n\n\n\n<p><\/p>\n\n\n\n<h2 class=\"wp-block-heading\">Comment sont trait\u00e9es les donn\u00e9es&nbsp;communiqu\u00e9es \u00e0 la DW&nbsp;?<\/h2>\n\n\n\n<p><\/p>\n\n\n\n<p>Toutes les donn\u00e9es communiqu\u00e9es par les b\u00e9n\u00e9ficiaires de MEDIA PARCOURS&nbsp;\u00bb&nbsp;sont strictement confidentielles et ne sont pas partag\u00e9es avec des tiers.<\/p>\n\n\n\n<p>Tous les travaux (documents \u00e0 usage interne, productions audiovisuelles, communication externe, rapports, etc.) r\u00e9alis\u00e9s par les b\u00e9n\u00e9ficiaires dans le cadre de MEDIA PARCOURS&nbsp;sont la propri\u00e9t\u00e9 des \u00e9quipes. Aucune entreprise, organisation ou entit\u00e9 autre que les membres de l\u2019organisation b\u00e9n\u00e9ficiaire ne peut revendiquer des pr\u00e9rogatives sur la propri\u00e9t\u00e9 intellectuelle d\u00e9velopp\u00e9e au sein de MEDIA PARCOURS.<\/p>\n\n\n\n<p>Les informations personnelles, donn\u00e9es num\u00e9riques et travaux seront utilis\u00e9s uniquement \u00e0 des fins de gestion dans le cadre du programme MEDIA PARCOURS.<\/p>\n","protected":false},"excerpt":{"rendered":"<p>FAQ Quelle est la dur\u00e9e du programme ? MEDIA PARCOURS consiste en un appel \u00e0 participation et un programme d\u2019acc\u00e9l\u00e9ration s\u2019\u00e9talant de 6\u00a0\u00e0 9 mois selon les organisations engag\u00e9es. L\u2019appel se tient du 15 mars au 30 avril 2024. Le programme se d\u00e9roule du mois de mai 2024 jusqu\u2019\u00e0 d\u00e9cembre 2024 (au plus t\u00f4t). Comment &hellip; <\/p>\n<p class=\"link-more\"><a href=\"https:\/\/akademie.dw.de\/tunisiamedia\/faq-mp\/\" class=\"more-link\">Continuer la lecture<span class=\"screen-reader-text\"> de &laquo;&nbsp;FAQ &#8211; MEDIA PARCOURS&nbsp;&raquo;<\/span><\/a><\/p>\n","protected":false},"author":3,"featured_media":0,"parent":0,"menu_order":0,"comment_status":"closed","ping_status":"closed","template":"","meta":{"_monsterinsights_skip_tracking":false,"_monsterinsights_sitenote_active":false,"_monsterinsights_sitenote_note":"","_monsterinsights_sitenote_category":0,"footnotes":""},"class_list":["post-6195","page","type-page","status-publish","hentry"],"_links":{"self":[{"href":"https:\/\/akademie.dw.de\/tunisiamedia\/wp-json\/wp\/v2\/pages\/6195","targetHints":{"allow":["GET"]}}],"collection":[{"href":"https:\/\/akademie.dw.de\/tunisiamedia\/wp-json\/wp\/v2\/pages"}],"about":[{"href":"https:\/\/akademie.dw.de\/tunisiamedia\/wp-json\/wp\/v2\/types\/page"}],"author":[{"embeddable":true,"href":"https:\/\/akademie.dw.de\/tunisiamedia\/wp-json\/wp\/v2\/users\/3"}],"replies":[{"embeddable":true,"href":"https:\/\/akademie.dw.de\/tunisiamedia\/wp-json\/wp\/v2\/comments?post=6195"}],"version-history":[{"count":22,"href":"https:\/\/akademie.dw.de\/tunisiamedia\/wp-json\/wp\/v2\/pages\/6195\/revisions"}],"predecessor-version":[{"id":7913,"href":"https:\/\/akademie.dw.de\/tunisiamedia\/wp-json\/wp\/v2\/pages\/6195\/revisions\/7913"}],"wp:attachment":[{"href":"https:\/\/akademie.dw.de\/tunisiamedia\/wp-json\/wp\/v2\/media?parent=6195"}],"curies":[{"name":"wp","href":"https:\/\/api.w.org\/{rel}","templated":true}]}}