{"id":3419,"date":"2020-10-19T18:07:31","date_gmt":"2020-10-19T16:07:31","guid":{"rendered":"https:\/\/akademie.dw.de\/datamaroc\/?page_id=3419"},"modified":"2021-01-28T10:02:04","modified_gmt":"2021-01-28T09:02:04","slug":"tutoriels","status":"publish","type":"page","link":"https:\/\/akademie.dw.de\/datamaroc\/tutoriels\/","title":{"rendered":"TUTORIELS"},"content":{"rendered":"<section class=\"l-section wpb_row height_auto\" id=\"overview\"><div class=\"l-section-h i-cf\"><div class=\"g-cols vc_row type_default valign_top\"><div class=\"vc_col-sm-12 wpb_column vc_column_container\"><div class=\"vc_column-inner\"><div class=\"wpb_wrapper\"><div class=\"g-cols wpb_row  type_default valign_top vc_inner\"><div class=\"vc_col-sm-12 wpb_column vc_column_container\"><div class=\"vc_column-inner\"><div class=\"wpb_wrapper\"><div class=\"w-separator size_small\"><\/div><div class=\"w-image align_none animate_afc\"><div class=\"w-image-h\"><img loading=\"lazy\" decoding=\"async\" width=\"1200\" height=\"250\" src=\"https:\/\/akademie.dw.de\/datamaroc\/wp-content\/uploads\/2020\/12\/Wordpress_Datenjournalismus_Tutorials_1200x250.jpg\" class=\"attachment-full size-full\" alt=\"\" srcset=\"https:\/\/akademie.dw.de\/datamaroc\/wp-content\/uploads\/2020\/12\/Wordpress_Datenjournalismus_Tutorials_1200x250.jpg 1200w, https:\/\/akademie.dw.de\/datamaroc\/wp-content\/uploads\/2020\/12\/Wordpress_Datenjournalismus_Tutorials_1200x250-300x63.jpg 300w, https:\/\/akademie.dw.de\/datamaroc\/wp-content\/uploads\/2020\/12\/Wordpress_Datenjournalismus_Tutorials_1200x250-1024x213.jpg 1024w, https:\/\/akademie.dw.de\/datamaroc\/wp-content\/uploads\/2020\/12\/Wordpress_Datenjournalismus_Tutorials_1200x250-940x196.jpg 940w\" sizes=\"auto, (max-width: 1200px) 100vw, 1200px\" \/><\/div><\/div><div class=\"w-separator size_small\"><\/div><div class=\"w-separator size_custom with_line width_default thick_1 style_solid color_text align_center\" style=\"height:5px\"><div class=\"w-separator-h\"><\/div><\/div><div class=\"wpb_text_column us_custom_b5399a97\" ><div class=\"wpb_wrapper\"><p>TUTORIELS<\/p>\n<\/div><\/div><div class=\"w-separator size_custom with_line width_default thick_1 style_solid color_text align_center\" style=\"height:5px\"><div class=\"w-separator-h\"><\/div><\/div><div class=\"wpb_text_column us_custom_be87a6e3\" ><div class=\"wpb_wrapper\"><p>Apprenez les premiers pas du data journalisme, laissez vous inspirer par des exemples de reportages, faites un tour d&#8217;horizon des applications pour visualiser vos donn\u00e9es et abordez la relation journaliste-programmateur.<\/p>\n<p>Les tutoriels sont pr\u00e9sent\u00e9s par Sara Hteit<\/p>\n<\/div><\/div><div class=\"w-separator size_small\"><\/div><div class=\"w-separator size_custom with_line width_default thick_1 style_solid color_text align_center\" style=\"height:5px\"><div class=\"w-separator-h\"><\/div><\/div><div class=\"w-separator size_small\"><\/div><div class=\"wpb_text_column us_custom_991ed5c4 has_text_color\" ><div class=\"wpb_wrapper\"><h4>#1 Basic steps : le data journalisme pas \u00e0 pas<\/h4>\n<\/div><\/div><div class=\"w-separator size_small\"><\/div><div class=\"w-video align_left ratio_16x9\"><div class=\"w-video-h\"><iframe src=\"\/\/www.youtube.com\/embed\/JFuA8lT-MF8?autoplay=0&controls=1&origin=https%3A%2F%2Fakademie.dw.de%2Fdatamaroc\" allowfullscreen=\"1\"><\/iframe><\/div><div class=\"w-video-icon\" style=\"font-size:1.5rem;background:rgba(0,0,0,0.5);color:#fff;\"><\/div><\/div><div class=\"w-sharing type_simple align_left color_default\"><div class=\"w-sharing-list\" data-sharing-url=\"https:\/\/akademie.dw.de\/datamaroc\/wp-json\/wp\/v2\/pages\/3419\" data-sharing-image=\"\"><a class=\"w-sharing-item facebook\" href=\"javascript:void(0)\" title=\"Teile dies\" aria-label=\"Teile dies\"><span class=\"w-sharing-icon\"><\/span><\/a><a class=\"w-sharing-item twitter\" href=\"javascript:void(0)\" title=\"Tweete das\" aria-label=\"Tweete das\"><span class=\"w-sharing-icon\"><\/span><\/a><\/div><\/div><\/div><\/div><\/div><\/div><div class=\"g-cols wpb_row  type_default valign_top vc_inner\"><div class=\"vc_col-sm-12 wpb_column vc_column_container\"><div class=\"vc_column-inner\"><div class=\"wpb_wrapper\"><div class=\"w-separator size_medium\"><\/div><div class=\"w-separator size_custom with_line width_default thick_1 style_solid color_text align_center\" style=\"height:5px\"><div class=\"w-separator-h\"><\/div><\/div><div class=\"wpb_text_column us_custom_991ed5c4 has_text_color\" ><div class=\"wpb_wrapper\"><h4 class=\"title style-scope ytd-video-primary-info-renderer\">#2 Data Visualisation : la th\u00e9orie<\/h4>\n<\/div><\/div><div class=\"w-separator size_small\"><\/div><div class=\"w-video align_left ratio_16x9\"><div class=\"w-video-h\"><iframe src=\"\/\/www.youtube.com\/embed\/-nwSghVtwvo?autoplay=0&controls=1&origin=https%3A%2F%2Fakademie.dw.de%2Fdatamaroc\" allowfullscreen=\"1\"><\/iframe><\/div><div class=\"w-video-icon\" style=\"font-size:1.5rem;background:rgba(0,0,0,0.5);color:#fff;\"><\/div><\/div><div class=\"w-sharing type_simple align_left color_default\"><div class=\"w-sharing-list\" data-sharing-url=\"https:\/\/akademie.dw.de\/datamaroc\/wp-json\/wp\/v2\/pages\/3419\" data-sharing-image=\"\"><a class=\"w-sharing-item facebook\" href=\"javascript:void(0)\" title=\"Teile dies\" aria-label=\"Teile dies\"><span class=\"w-sharing-icon\"><\/span><\/a><a class=\"w-sharing-item twitter\" href=\"javascript:void(0)\" title=\"Tweete das\" aria-label=\"Tweete das\"><span class=\"w-sharing-icon\"><\/span><\/a><\/div><\/div><\/div><\/div><\/div><\/div><div class=\"g-cols wpb_row  type_default valign_top vc_inner\"><div class=\"vc_col-sm-12 wpb_column vc_column_container\"><div class=\"vc_column-inner\"><div class=\"wpb_wrapper\"><div class=\"w-separator size_medium\"><\/div><div class=\"w-separator size_custom with_line width_default thick_1 style_solid color_text align_center\" style=\"height:5px\"><div class=\"w-separator-h\"><\/div><\/div><div class=\"wpb_text_column us_custom_991ed5c4 has_text_color\" ><div class=\"wpb_wrapper\"><h4 class=\"title style-scope ytd-video-primary-info-renderer\">#3 Data Visualisation : la pratique<\/h4>\n<\/div><\/div><div class=\"w-separator size_small\"><\/div><div class=\"w-video align_left ratio_16x9\"><div class=\"w-video-h\"><iframe src=\"\/\/www.youtube.com\/embed\/A72eZG-TgQw?autoplay=0&controls=1&origin=https%3A%2F%2Fakademie.dw.de%2Fdatamaroc\" allowfullscreen=\"1\"><\/iframe><\/div><div class=\"w-video-icon\" style=\"font-size:1.5rem;background:rgba(0,0,0,0.5);color:#fff;\"><\/div><\/div><div class=\"w-sharing type_simple align_left color_default\"><div class=\"w-sharing-list\" data-sharing-url=\"https:\/\/akademie.dw.de\/datamaroc\/wp-json\/wp\/v2\/pages\/3419\" data-sharing-image=\"\"><a class=\"w-sharing-item facebook\" href=\"javascript:void(0)\" title=\"Teile dies\" aria-label=\"Teile dies\"><span class=\"w-sharing-icon\"><\/span><\/a><a class=\"w-sharing-item twitter\" href=\"javascript:void(0)\" title=\"Tweete das\" aria-label=\"Tweete das\"><span class=\"w-sharing-icon\"><\/span><\/a><\/div><\/div><\/div><\/div><\/div><\/div><div class=\"g-cols wpb_row  type_default valign_top vc_inner\"><div class=\"vc_col-sm-12 wpb_column vc_column_container\"><div class=\"vc_column-inner\"><div class=\"wpb_wrapper\"><div class=\"w-separator size_medium\"><\/div><div class=\"w-separator size_custom with_line width_default thick_1 style_solid color_text align_center\" style=\"height:5px\"><div class=\"w-separator-h\"><\/div><\/div><div class=\"wpb_text_column us_custom_991ed5c4 has_text_color\" ><div class=\"wpb_wrapper\"><h4 class=\"title style-scope ytd-video-primary-info-renderer\">#4 Best practice \/\/ Data against Fake News<\/h4>\n<\/div><\/div><div class=\"w-separator size_small\"><\/div><div class=\"w-video align_left ratio_16x9\"><div class=\"w-video-h\"><iframe src=\"\/\/www.youtube.com\/embed\/9DE4PPd0Bi8?autoplay=0&controls=1&origin=https%3A%2F%2Fakademie.dw.de%2Fdatamaroc\" allowfullscreen=\"1\"><\/iframe><\/div><div class=\"w-video-icon\" style=\"font-size:1.5rem;background:rgba(0,0,0,0.5);color:#fff;\"><\/div><\/div><div class=\"w-sharing type_simple align_left color_default\"><div class=\"w-sharing-list\" data-sharing-url=\"https:\/\/akademie.dw.de\/datamaroc\/wp-json\/wp\/v2\/pages\/3419\" data-sharing-image=\"\"><a class=\"w-sharing-item facebook\" href=\"javascript:void(0)\" title=\"Teile dies\" aria-label=\"Teile dies\"><span class=\"w-sharing-icon\"><\/span><\/a><a class=\"w-sharing-item twitter\" href=\"javascript:void(0)\" title=\"Tweete das\" aria-label=\"Tweete das\"><span class=\"w-sharing-icon\"><\/span><\/a><\/div><\/div><\/div><\/div><\/div><\/div><div class=\"g-cols wpb_row  type_default valign_top vc_inner\"><div class=\"vc_col-sm-12 wpb_column vc_column_container\"><div class=\"vc_column-inner\"><div class=\"wpb_wrapper\"><div class=\"w-separator size_medium\"><\/div><div class=\"w-separator size_custom with_line width_default thick_1 style_solid color_text align_center\" style=\"height:5px\"><div class=\"w-separator-h\"><\/div><\/div><div class=\"wpb_text_column us_custom_991ed5c4 has_text_color\" ><div class=\"wpb_wrapper\"><h4 class=\"title style-scope ytd-video-primary-info-renderer\">#5 Teamwork \/\/ Data against Fake News<\/h4>\n<\/div><\/div><div class=\"w-separator size_small\"><\/div><div class=\"w-video align_left ratio_16x9\"><div class=\"w-video-h\"><iframe src=\"\/\/www.youtube.com\/embed\/_JC7_m7r-ug?autoplay=0&controls=1&origin=https%3A%2F%2Fakademie.dw.de%2Fdatamaroc\" allowfullscreen=\"1\"><\/iframe><\/div><div class=\"w-video-icon\" style=\"font-size:1.5rem;background:rgba(0,0,0,0.5);color:#fff;\"><\/div><\/div><div class=\"w-sharing type_simple align_left color_default\"><div class=\"w-sharing-list\" data-sharing-url=\"https:\/\/akademie.dw.de\/datamaroc\/wp-json\/wp\/v2\/pages\/3419\" data-sharing-image=\"\"><a class=\"w-sharing-item facebook\" href=\"javascript:void(0)\" title=\"Teile dies\" aria-label=\"Teile dies\"><span class=\"w-sharing-icon\"><\/span><\/a><a class=\"w-sharing-item twitter\" href=\"javascript:void(0)\" title=\"Tweete das\" aria-label=\"Tweete das\"><span class=\"w-sharing-icon\"><\/span><\/a><\/div><\/div><\/div><\/div><\/div><\/div><div class=\"w-separator size_medium\"><\/div><div class=\"g-cols wpb_row  type_default valign_top vc_inner\"><div class=\"vc_col-sm-12 wpb_column vc_column_container\"><div class=\"vc_column-inner\"><div class=\"wpb_wrapper\"><\/div><\/div><\/div><\/div><div class=\"w-separator size_small\"><\/div><\/div><\/div><\/div><\/div><\/div><\/section>\n","protected":false},"excerpt":{"rendered":"TUTORIELS Apprenez les premiers pas du data journalisme, laissez vous inspirer par des exemples de reportages, faites un tour d&#8217;horizon des applications pour visualiser vos donn\u00e9es et abordez la relation journaliste-programmateur. Les tutoriels sont pr\u00e9sent\u00e9s par Sara Hteit #1 Basic steps : le data journalisme pas \u00e0 pas #2 Data Visualisation : la th\u00e9orie #3...","protected":false},"author":2,"featured_media":0,"parent":0,"menu_order":0,"comment_status":"closed","ping_status":"closed","template":"","meta":{"_monsterinsights_skip_tracking":false,"_monsterinsights_sitenote_active":false,"_monsterinsights_sitenote_note":"","_monsterinsights_sitenote_category":0,"footnotes":""},"class_list":["post-3419","page","type-page","status-publish","hentry"],"_links":{"self":[{"href":"https:\/\/akademie.dw.de\/datamaroc\/wp-json\/wp\/v2\/pages\/3419","targetHints":{"allow":["GET"]}}],"collection":[{"href":"https:\/\/akademie.dw.de\/datamaroc\/wp-json\/wp\/v2\/pages"}],"about":[{"href":"https:\/\/akademie.dw.de\/datamaroc\/wp-json\/wp\/v2\/types\/page"}],"author":[{"embeddable":true,"href":"https:\/\/akademie.dw.de\/datamaroc\/wp-json\/wp\/v2\/users\/2"}],"replies":[{"embeddable":true,"href":"https:\/\/akademie.dw.de\/datamaroc\/wp-json\/wp\/v2\/comments?post=3419"}],"version-history":[{"count":13,"href":"https:\/\/akademie.dw.de\/datamaroc\/wp-json\/wp\/v2\/pages\/3419\/revisions"}],"predecessor-version":[{"id":3810,"href":"https:\/\/akademie.dw.de\/datamaroc\/wp-json\/wp\/v2\/pages\/3419\/revisions\/3810"}],"wp:attachment":[{"href":"https:\/\/akademie.dw.de\/datamaroc\/wp-json\/wp\/v2\/media?parent=3419"}],"curies":[{"name":"wp","href":"https:\/\/api.w.org\/{rel}","templated":true}]}}